{"id":498,"date":"2013-02-28T16:42:33","date_gmt":"2013-02-28T14:42:33","guid":{"rendered":"http:\/\/www.fun4uu.de\/wordpress\/?page_id=498"},"modified":"2021-01-03T19:14:06","modified_gmt":"2021-01-03T17:14:06","slug":"da-waren-wir-noch-nicht","status":"publish","type":"page","link":"http:\/\/www.fun4uu.de\/","title":{"rendered":"Startseite"},"content":{"rendered":"<p>Das war&#8217;s &#8211; unsere Reise ist vorbei!<\/p>\n<p><a href=\"https:\/\/youtu.be\/TlOh6ozyAW0\" target=\"_blank\" rel=\"noopener\">https:\/\/youtu.be\/TlOh6ozyAW0<\/a><\/p>\n<p>Aber wir sind nicht traurig. Es war &#8222;the-ones-in-a-lifetime-experience&#8220;. Es wird noch eine ganze Weile dauern, bis wir alles verarbeitet haben, was da auf uns eingestr\u00f6mt ist.<br \/>\nWir sind jetzt seit einer Woche da und wenn wir gefragt werden, &#8222;erz\u00e4hlt doch mal was!&#8220;, dann wissen wir \u00fcberhaupt nicht, wo wir anfangen sollen. Es war einfach zu viel &#8211; und zu viel Sch\u00f6nes &#8211; w\u00fcrde man mit einem Erlebnis anfangen w\u00e4re es unfair den anderen gegen\u00fcber.<\/p>\n<p>Es ist sch\u00f6n, wieder hier zu sein. Zu Hause. Wir haben uns sogar auf die Berge von Post gefreut, die auf uns gewartet haben. Irgendwie will man nach so langer Zeit doch ganz gerne mal wieder einen \u00dcberblick \u00fcber sein Leben haben.<\/p>\n<p>Und somit beenden wir diesen Blog nun mit dem, wie wir ihn vor fast 5 Monaten angefangen haben &#8211; mit ein paar Eckdaten und Fakten \u00fcber unsere Reise:<\/p>\n<p>&#8211; Alles hat geklappt, wie Hans es geplant hatte.<br \/>\n&#8211; Alle Fl\u00fcge, F\u00e4hren, Busse, Autos waren gebucht und wir haben sie erwischt<br \/>\n&#8211; Wir haben gef\u00fchlte 3 Mio. Fotos von Sonnenunterg\u00e4ngen gemacht<br \/>\n&#8211; Ok, wir haben in Summe &#8222;nur&#8220; 12.000 Fotos gemacht (70GB)<br \/>\n&#8211; Wir haben sicherlich \u00fcber 1000 Tempel gesehen (auch wieder gef\u00fchlt)<br \/>\n&#8211; Im Schnitt haben wir 115 Euro pro Tag und Person ausgegeben (all inclusive: Fl\u00fcge, \u00dcbernachtungen usw.)<br \/>\n&#8211; In den kompletten Zeit hatten wir 9644 Besuche auf unserem Blog (Einfach unglaublich!!!)<\/p>\n<p>Aber eines noch zum Schlu\u00df. Danke, da\u00df Ihr diesen Blog zum Leben erweckt habt. \u00dcber 3.000 Zugriffe von Euch auf unsere Seite allein im November haben uns ungl\u00e4ubig auf diese Zahlen blicken lassen &#8211; und es hat uns gefreut. Sehr sogar. Eure Besuche und Kommentare haben uns auch immer wieder motiviert, hier Neues zu bloggen, und den Blog erst zu dem gemacht, was er jetzt geworden ist. Vielen Dank an Euch alle!<\/p>\n<p>Wir freuen uns jetzt darauf, Euch allen wieder in Natura zu begegnen!<\/p>\n<p>Eure Heimgekommenen Hans &amp; Oskar<\/p>\n","protected":false},"excerpt":{"rendered":"<p>Das war&#8217;s &#8211; unsere Reise ist vorbei! https:\/\/youtu.be\/TlOh6ozyAW0 Aber wir sind nicht traurig. Es war &#8222;the-ones-in-a-lifetime-experience&#8220;. Es wird noch eine ganze Weile dauern, bis wir alles verarbeitet haben, was da auf uns eingestr\u00f6mt ist. Wir sind jetzt seit einer Woche &hellip; <a href=\"http:\/\/www.fun4uu.de\/\">Weiterlesen <span class=\"meta-nav\">&rarr;<\/span><\/a><\/p>\n","protected":false},"author":3,"featured_media":0,"parent":0,"menu_order":0,"comment_status":"open","ping_status":"open","template":"","meta":{"footnotes":""},"class_list":["post-498","page","type-page","status-publish","hentry"],"_links":{"self":[{"href":"http:\/\/www.fun4uu.de\/index.php?rest_route=\/wp\/v2\/pages\/498","targetHints":{"allow":["GET"]}}],"collection":[{"href":"http:\/\/www.fun4uu.de\/index.php?rest_route=\/wp\/v2\/pages"}],"about":[{"href":"http:\/\/www.fun4uu.de\/index.php?rest_route=\/wp\/v2\/types\/page"}],"author":[{"embeddable":true,"href":"http:\/\/www.fun4uu.de\/index.php?rest_route=\/wp\/v2\/users\/3"}],"replies":[{"embeddable":true,"href":"http:\/\/www.fun4uu.de\/index.php?rest_route=%2Fwp%2Fv2%2Fcomments&post=498"}],"version-history":[{"count":11,"href":"http:\/\/www.fun4uu.de\/index.php?rest_route=\/wp\/v2\/pages\/498\/revisions"}],"predecessor-version":[{"id":4493,"href":"http:\/\/www.fun4uu.de\/index.php?rest_route=\/wp\/v2\/pages\/498\/revisions\/4493"}],"wp:attachment":[{"href":"http:\/\/www.fun4uu.de\/index.php?rest_route=%2Fwp%2Fv2%2Fmedia&parent=498"}],"curies":[{"name":"wp","href":"https:\/\/api.w.org\/{rel}","templated":true}]}}